= u*p - f, 5*f - 73 = -2*p. Calculate the remainder when p is divided by 5.
4
Suppose -t + 4*i = -0*i - 3, -3*t = -5*i - 30. What is the remainder when 14 is divided by ((-3)/t)/(1/(-25))?
4
Let y(c) = 21 + 21*c + 13*c - 27*c. Calculate the remainder when y(10) is divided by 23.
22
Let b(r) = -r**2 - 5*r + 2. Let k(v) = -5*v**2 + 5*v + 1. Let z be k(4). Let a = -50 - z. What is the remainder when a is divided by b(-4)?
3
Let r(v) be the third derivative of -3*v**2 + 0 + 0*v + 11/24*v**4 - 1/60*v**5 - 5/6*v**3. Calculate the remainder when r(8) is divided by 10.
9
Let t(c) = 37*c - 1. Let b = 40 - 25. Calculate the remainder when t(2) is divided by b.
13
Suppose m - 14*n + 13*n = 28, -2*m - n + 62 = 0. What is the remainder when 236 is divided by m?
26
Let a(f) = 3*f**2 + 27*f - 30. Calculate the remainder when 370 is divided by a(-12).
58
Let m(b) = -201*b - 3. Let i be m(-1). Suppose -3*h = -15 - i. Calculate the remainder when h is divided by 18.
17
Suppose 0 = 5*n - 8*n. Suppose 2*k - a - 25 = -n*a, 0 = -k + 4*a + 16. What is the remainder when k is divided by (-10)/(1*-2) + 0?
2
Suppose 4 = 3*q - 50. Let v = 91 - q. What is the remainder when v is divided by 19?
16
Suppose 0 = a - 5*s - 176, -558 - 218 = -4*a - 4*s. What is the remainder when a is divided by 1*15 + (-1)/(-1)?
15
Let o(q) = -2*q**2 - 42*q - 88. What is the remainder when 75 is divided by o(-18)?
15
Let w = -269 + 411. Calculate the remainder when w is divided by 73.
69
Let y = -1 + 9. Let s = -8 + y. Calculate the remainder when 29 is divided by 18 - (s/(-3) + 3).
14
Suppose -24*q = -8*q - 1824. What is the remainder when q is divided by 17?
12
Suppose 0 = -4*l + 12, -5*j + 65 = 6*l - l. What is the remainder when 1/((-10)/(-284)) - (-8)/(-20) is divided by j?
8
Let r = -3 + 7. Let g = -8 + 11. Suppose -8*p + 3*p + 6 = c, -g*c - p = -32. Calculate the remainder when c is divided by r.
3
Suppose -94 = 6*f + 32. What is the remainder when 6 is divided by -3 + f/(3 + -6)?
2
Let d(x) = x**2 + 2*x - 85. Calculate the remainder when 795 is divided by d(-11).
11
Suppose -3*z = 6 - 21, -2*i - 2*z + 274 = 0. Calculate the remainder when i is divided by 19.
18
Let u(r) = 25*r + 1. Let m(a) = a + 3. Suppose 2*g + 14 = 4*g. Calculate the remainder when u(1) is divided by m(g).
6
Let g(h) = -h**3 - 5*h**2 - h + 4. Suppose 0 = -3*d - 18 + 3. Let j(a) = -10*a + 4. Calculate the remainder when j(-3) is divided by g(d).
7
Let o(g) = -g**3 - 11*g**2 + 7*g - 26. Suppose -35 = 3*t + 1. Suppose 0*u + 45 = 4*u - 3*d, -10 = -u + 2*d. Calculate the remainder when o(t) is divided by u.
10
Let x be (-320)/6 + (-1)/(-3). Let i = -34 - x. Suppose -2*t + 3*t = 36. What is the remainder when t is divided by i?
17
Let i(z) = -z**2 + 16*z - 46. Calculate the remainder when 18/99 + 238/22 is divided by i(11).
2
Let q = 2 - 3. Let d(o) be the first derivative of -2*o**4 + 51. What is the remainder when 21 is divided by d(q)?
5
Let g(m) = m + 1. Let q(s) = 3*s**2 + 6*s - 4. Let r(l) = -2*g(l) + q(l). Calculate the remainder when 49 is divided by r(-4).
23
Suppose 4*j - v + 2*v - 144 = 0, -4*v - 164 = -4*j. Let q(g) = -g**2 - 15*g - 16. What is the remainder when j is divided by q(-12)?
17
Suppose 13 = 12*v - 347. Calculate the remainder when 50 is divided by v.
20
Suppose -6 = 3*h - 12. Suppose 0 = -h*u - 2*u - 528. What is the remainder when 30 is divided by 2/(-8) - u/16?
6
Let l = 58 - 56. Calculate the remainder when l/(-9)*-93 + 12/(-18) is divided by 2/(-2) - (-12)/1.
9
Suppose m = -m - 4*w + 152, -2*m + 152 = -3*w. Calculate the remainder when m is divided by 3.
1
Let g be 1/3*3 - -260. Suppose g = 5*c + 51. Let a(l) = -l**3 - 8*l**2 - 9*l + 1. What is the remainder when c is divided by a(-7)?
12
Suppose -5*g + g - 220 = 0. Let c = g - -137. Calculate the remainder when c is divided by 22.
16
Suppose -4*p = p - 20. Let h be (p/12)/(2/(-102)). Let x = h - -37. Calculate the remainder when x is divided by 11.
9
What is the remainder when 57 - (2 + 5) - 4 is divided by 34?
12
Let q = 0 - 2. Let t be (-564)/(-44) - q/11. Let m = -6 + t. What is the remainder when m is divided by 4?
3
Let v = -202 - -242. Calculate the remainder when 148 is divided by v.
28
Suppose 3*x - 11 = 109. What is the remainder when (177/59)/((-80)/(-78) - 1) is divided by x?
37
Suppose -15*t - 176 = -17*t. Calculate the remainder when t is divided by 38.
12
Suppose 3*b + 39 = 270. Let u = 139 - b. Let o = -18 + 34. Calculate the remainder when u is divided by o.
14
Let i be ((-227)/(-4))/((-12)/(-48)). Suppose 2*y = 65 - i. Calculate the remainder when 34 is divided by y/18*(-3 + 1).
7
Let o(g) = 2*g**2 + 14*g + 33. Calculate the remainder when 491 is divided by o(-3).
5
Let k = -1652 - -1739. What is the remainder when k is divided by 38?
11
Let p = 5 - -111. Suppose -h - 28 = -5*b, -6*h - b - p = -3*h. Calculate the remainder when 2*(-3 - -1) - h is divided by 7.
6
Suppose 0 = -0*u - 4*u + 200. Suppose -2*f = 3*f + u. Calculate the remainder when 31 is divided by f/35 + 114/7.
15
Suppose -5*h + 26*h - 21 = 0. Calculate the remainder when 6 is divided by h.
0
Let w(g) = g**3 - 3*g**2 + g + 1. Let a be w(4). Let p = 41 - a. Suppose -p*u + 23*u = 114. What is the remainder when u is divided by 10?
8
Suppose 2*f - 6*f + 164 = 0. Suppose 0 = -4*u + 27 + 45. Let z = f - u. Calculate the remainder when 66 is divided by z.
20
Let m(x) = x**3 - 13*x**2 + 17*x - 12. Let c be m(12). Suppose -c*u + 46*u + 38 = 0. Calculate the remainder when u is divided by 10.
9
Let j = -2 - -23. Calculate the remainder when 37 is divided by j.
16
Let b = 36 - 32. Calculate the remainder when 33 is divided by (-6)/(-24) + 71/b.
15
Suppose -24*d + 254 = -538. Calculate the remainder when d is divided by 14 + 2 - (-2 - -1).
16
Let k = -55 - -154. Calculate the remainder when k is divided by 34.
31
Suppose 703 = 5*l + 2*g, 3*g + 1 = 2*g. Suppose 5*o - 95 = -5. Calculate the remainder when l is divided by o.
15
Let f(o) be the third derivative of o**6/15 + o**5/30 - o**4/8 + o**3/3 + 8*o**2. Calculate the remainder when ((-9)/(-15) + 0)*25 is divided by f(1).
6
Let r(x) = 2*x**2 + 2*x - 7. Let d be r(-3). Suppose -2*q = -d*q + 15. Let v(t) = t**3 - 5*t**2 + 2*t - 7. Calculate the remainder when 9 is divided by v(q).
0
What is the remainder when 148 - (-14)/(-35)*-5 is divided by 43?
21
Let c(d) = 4*d**2 - d + 9. What is the remainder when 222 is divided by c(3)?
12
Suppose -3*z + 2*q = 3*q - 54, 3*q = -3*z + 48. Calculate the remainder when 1474/16 - (-6)/(-48) is divided by z.
16
Suppose -52*n = -71*n + 3078. Calculate the remainder when n is divided by 11.
8
Suppose -4 = p, -5*p - 26 = -s + 2. What is the remainder when 150 is divided by s?
6
Suppose -4*b = 4*l - 56, -5*b - 5*l + 8*l + 46 = 0. Calculate the remainder when 85 is divided by b.
8
Suppose -9*p - 56 = -17*p. What is the remainder when 90 is divided by p?
6
Let d(g) = -g**3 - 5*g + 1009. Let k be d(0). Suppose 2*s - 402 = -2*q, q - k = -5*s - 0*q. Calculate the remainder when s is divided by 34.
32
Let w be ((-36)/45)/((-4)/10). Suppose w*y - 183 = i, -3 = 2*i + 3. Calculate the remainder when y is divided by 31.
28
Let i be 12/9*(-21)/2. Let a be 20/70 - 304/i. Calculate the remainder when (-239)/(-4) + a/88 is divided by 16.
12
Suppose -5*d + 13 + 2 = 0. Let k(c) = -d + 6*c + 1 - 2 + c**2 - 2. Calculate the remainder when k(-9) is divided by 6.
3
Let u(g) = g + 7. Let w be u(-11). Let t = 8 + w. Let s(d) = -d**3 - 4*d**2 + d - 5. What is the remainder when s(-5) is divided by t?
3
Let h be (-18)/4*(18 + -24). Let a = -23 + h. What is the remainder when 45 is divided by (a + 4)/(2/4)?
13
Suppose -7 = 5*m - 27. What is the remainder when 14 is divided by 320/56 - m/(-14)?
2
Suppose -21 + 68 = p. Let w(h) = -10*h**3 - 5*h**2 - 5*h. Calculate the remainder when p is divided by w(-1).
7
Suppose 5*s + 3*y - 789 = 783, 3*s = -5*y + 940. Suppose -3*u + 435 = -4*b + 134, 0 = 3*u + 3*b - s. Calculate the remainder when u is divided by 35.
33
Suppose -3*v + 3*a = -143 + 65, 0 = -3*v - 3*a + 84. What is the remainder when 99 is divided by v?
18
Let f(y) = -y + 27. Let g = -78 + 71. Calculate the remainder when f(g) is divided by 12.
10
Let c = -37 - -277. Suppose -3*m = 2*b + 120, -7*b + 3*b - c = 3*m.